 the remainder when 13244218 is divided by 5694.
5668
What is the remainder when 3340576 is divided by 59?
55
Calculate the remainder when 347455 is divided by 2411.
271
Calculate the remainder when 168721 is divided by 1680.
721
What is the remainder when 102464455 is divided by 4454976?
7
What is the remainder when 264209 is divided by 363?
308
Calculate the remainder when 386411 is divided by 17564.
3
Calculate the remainder when 146916 is divided by 15976.
3132
Calculate the remainder when 1573694 is divided by 475.
19
What is the remainder when 255114439 is divided by 102?
97
What is the remainder when 65186 is divided by 3739?
1623
Calculate the remainder when 25352957 is divided by 12676445.
67
Calculate the remainder when 2841658 is divided by 18.
16
What is the remainder when 289485376 is divided by 20?
16
Calculate the remainder when 296491901 is divided by 6.
5
What is the remainder when 521092 is divided by 2504?
260
What is the remainder when 154454 is divided by 8503?
1400
Calculate the remainder when 303460 is divided by 1509.
151
Calculate the remainder when 15499066 is divided by 417.
10
Calculate the remainder when 46905034 is divided by 56717.
75
What is the remainder when 109458702 is divided by 31?
27
Calculate the remainder when 14686269 is divided by 199.
69
What is the remainder when 18586641 is divided by 619554?
21
What is the remainder when 8078512 is divided by 110664?
40
Calculate the remainder when 16024378 is divided by 516.
514
Calculate the remainder when 15088910 is divided by 17.
16
What is the remainder when 10100485 is divided by 92665?
0
Calculate the remainder when 41345 is divided by 6890.
5
Calculate the remainder when 770560230 is divided by 26.
24
What is the remainder when 42266429 is divided by 1091?
1089
What is the remainder when 934 is divided by 249?
187
Calculate the remainder when 2463582 is divided by 2463421.
161
What is the remainder when 1954464 is divided by 8648?
16
What is the remainder when 15855546 is divided by 3171104?
26
Calculate the remainder when 506479 is divided by 1319.
1302
Calculate the remainder when 126314 is divided by 3404.
366
Calculate the remainder when 704166335 is divided by 18.
17
What is the remainder when 372377 is divided by 20?
17
Calculate the remainder when 118552841 is divided by 4936.
4929
What is the remainder when 1058201 is divided by 1326?
53
Calculate the remainder when 618258 is divided by 29.
7
Calculate the remainder when 921770 is divided by 2845.
2835
Calculate the remainder when 3909293 is divided by 88.
69
What is the remainder when 118554664 is divided by 2785?
2784
What is the remainder when 1073172 is divided by 39746?
30
What is the remainder when 1510315 is divided by 16591?
534
What is the remainder when 87475830 is divided by 672891?
0
What is the remainder when 43242077 is divided by 33?
32
Calculate the remainder when 169121 is divided by 84481.
159
What is the remainder when 142024 is divided by 3013?
413
Calculate the remainder when 1141013 is divided by 8710.
3
Calculate the remainder when 10195848 is divided by 364137.
12
Calculate the remainder when 680568 is divided by 138.
90
What is the remainder when 57049507 is divided by 10?
7
What is the remainder when 147008 is divided by 147004?
4
What is the remainder when 172605 is divided by 2982?
2631
Calculate the remainder when 4514429 is divided by 11787.
8
What is the remainder when 32928040 is divided by 15?
10
What is the remainder when 3156108 is divided by 16185?
33
What is the remainder when 2404272 is divided by 150267?
0
What is the remainder when 11893473 is divided by 35?
18
Calculate the remainder when 186529 is divided by 1727.
13
What is the remainder when 96790028 is divided by 18?
14
What is the remainder when 242154 is divided by 2518?
426
Calculate the remainder when 189617 is divided by 15417.
4613
What is the remainder when 56899 is divided by 8116?
87
Calculate the remainder when 397559 is divided by 9035.
19
What is the remainder when 439106286 is divided by 141?
138
Calculate the remainder when 15023 is divided by 2473.
185
What is the remainder when 5027 is divided by 253?
220
What is the remainder when 133896 is divided by 2433?
81
What is the remainder when 282983 is divided by 1474?
1449
Calculate the remainder when 1510256 is divided by 105.
41
What is the remainder when 60641919 is divided by 877?
0
Calculate the remainder when 22643058 is divided by 33.
9
Calculate the remainder when 122088 is divided by 5442.
2364
What is the remainder when 3109 is divided by 290?
209
Calculate the remainder when 2236896 is divided by 4045.
11
What is the remainder when 206875 is divided by 2722?
3
Calculate the remainder when 47114533 is divided by 249.
247
Calculate the remainder when 21374 is divided by 3849.
2129
What is the remainder when 80385 is divided by 39928?
529
Calculate the remainder when 22577640 is divided by 4171.
17
Calculate the remainder when 1437686 is divided by 18665.
481
Calculate the remainder when 582421 is divided by 95.
71
Calculate the remainder when 886610 is divided by 975.
335
Calculate the remainder when 168053 is divided by 55888.
389
What is the remainder when 167053 is divided by 3?
1
What is the remainder when 69182509 is divided by 264?
253
What is the remainder when 43656250 is divided by 331?
329
Calculate the remainder when 48129260 is divided by 242.
58
What is the remainder when 1778 is divided by 293?
20
Calculate the remainder when 1817960 is divided by 862.
2
Calculate the remainder when 15423238 is divided by 33.
28
Calculate the remainder when 58391438 is divided by 175.
63
What is the remainder when 75843845 is divided by 424?
421
Calculate the remainder when 21573 is divided by 21564.
9
Calculate the remainder when 59587251 is divided by 33.
9
What is the remainder when 3470803 is divided by 221?
219
What is the remainder when 2936288 is divided by 83?
80
Calculate the remainder when 134272 is divided by 161.
159
Calculate the remainder when 1016868 is divided by 131.
46
What is the remainder when 6328303 is divided by 647?
643
Calculate the remainder when 27509925 is divided by 33713.
117
What is the remainder when 2059120 is divided by 24?
16
What is the remainder when 4144837 is divided by 818?
31
What is the remainder when 76586 is divided by 332?
226
Calculate the remainder when 40410246 is divided by 10246.
22
What is the remainder when 100313 is divided by 2388?
17
Calculate the remainder when 1652867 is divided by 26.
21
Calculate the remainder when 19175 is divided by 1621.
1344
What is the remainder when 251948 is divided by 251725?
223
Calculate the remainder when 44497 is divided by 64.
17
What is the remainder when 9795611 is divided by 327?
326
Calculate the remainder when 268845 is divided by 2149.
220
Calculate the remainder when 218127 is divided by 54520.
47
What is the remainder when 67905 is divided by 33516?
873
What is the remainder when 179152532 is divided by 1093?
1088
What is the remainder when 3265188 is divided by 22212?
24
What is the remainder when 446171 is divided by 4165?
516
What is the remainder when 9382016 is divided by 25564?
28
Calculate the remainder when 3146752 is divided by 5.
2
What is the remainder when 457437 is divided by 10637?
46
What is the remainder when 102546 is divided by 32931?
3753
What is the remainder when 7012170 is divided by 2970?
0
Calculate the remainder when 500355 is divided by 20788.
1443
What is the remainder when 737402 is divided by 1514?
84
Calculate the remainder when 13169916 is divided by 255.
186
Calculate the remainder when 2833919 is divided by 1700.
19
Calculate the remainder when 1947243 is divided by 648877.
612
Calculate the remainder when 2921757 is divided by 194.
117
Calculate the remainder when 4430241 is divided by 1476739.
24
Calculate the remainder when 33285512 is divided by 739678.
2
Calculate the remainder when 2003412 is divided by 14.
12
What is the remainder when 1797233 is divided by 5616?
113
What is the remainder when 23493 is divided by 18258?
5235
What is the remainder when 109036 is divided by 1210?
136
Calculate the remainder when 101398 is divided by 447.
376
What is the remainder when 218337 is divided by 3723?
240